 by 772.
65
What is the remainder when 1535 is divided by 765?
5
What is the remainder when 48 is divided by 2?
0
Calculate the remainder when 2027 is divided by 58.
55
What is the remainder when 219 is divided by 35?
9
Calculate the remainder when 183 is divided by 49.
36
What is the remainder when 130 is divided by 78?
52
What is the remainder when 679 is divided by 42?
7
Calculate the remainder when 87 is divided by 11.
10
What is the remainder when 15010 is divided by 91?
86
What is the remainder when 205 is divided by 29?
2
What is the remainder when 190 is divided by 48?
46
What is the remainder when 29 is divided by 15?
14
Calculate the remainder when 873 is divided by 257.
102
What is the remainder when 1053 is divided by 24?
21
What is the remainder when 1554 is divided by 277?
169
Calculate the remainder when 5217 is divided by 58.
55
What is the remainder when 243 is divided by 93?
57
What is the remainder when 175 is divided by 16?
15
Calculate the remainder when 154 is divided by 46.
16
Calculate the remainder when 10619 is divided by 113.
110
What is the remainder when 339 is divided by 309?
30
What is the remainder when 118 is divided by 79?
39
What is the remainder when 567 is divided by 10?
7
What is the remainder when 811 is divided by 421?
390
What is the remainder when 430 is divided by 146?
138
Calculate the remainder when 181 is divided by 95.
86
What is the remainder when 88 is divided by 14?
4
Calculate the remainder when 2251 is divided by 98.
95
Calculate the remainder when 833 is divided by 276.
5
Calculate the remainder when 102 is divided by 22.
14
Calculate the remainder when 1069 is divided by 174.
25
Calculate the remainder when 243 is divided by 18.
9
Calculate the remainder when 2906 is divided by 492.
446
Calculate the remainder when 5805 is divided by 24.
21
What is the remainder when 1890 is divided by 26?
18
Calculate the remainder when 67 is divided by 39.
28
Calculate the remainder when 45 is divided by 17.
11
Calculate the remainder when 322 is divided by 54.
52
Calculate the remainder when 238 is divided by 41.
33
Calculate the remainder when 97 is divided by 7.
6
Calculate the remainder when 81 is divided by 5.
1
Calculate the remainder when 115 is divided by 32.
19
Calculate the remainder when 2021 is divided by 11.
8
What is the remainder when 530 is divided by 272?
258
What is the remainder when 600 is divided by 47?
36
What is the remainder when 845 is divided by 27?
8
What is the remainder when 165 is divided by 22?
11
What is the remainder when 851 is divided by 51?
35
Calculate the remainder when 5925 is divided by 297.
282
Calculate the remainder when 421 is divided by 85.
81
Calculate the remainder when 106 is divided by 24.
10
Calculate the remainder when 7257 is divided by 61.
59
Calculate the remainder when 111 is divided by 6.
3
What is the remainder when 449 is divided by 30?
29
Calculate the remainder when 687 is divided by 336.
15
Calculate the remainder when 644 is divided by 34.
32
What is the remainder when 93 is divided by 40?
13
Calculate the remainder when 172 is divided by 6.
4
What is the remainder when 385 is divided by 25?
10
What is the remainder when 190 is divided by 38?
0
Calculate the remainder when 82 is divided by 18.
10
What is the remainder when 73 is divided by 25?
23
Calculate the remainder when 607 is divided by 51.
46
What is the remainder when 711 is divided by 218?
57
What is the remainder when 809 is divided by 27?
26
What is the remainder when 2651 is divided by 65?
51
Calculate the remainder when 1167 is divided by 21.
12
What is the remainder when 356 is divided by 47?
27
Calculate the remainder when 39 is divided by 1.
0
What is the remainder when 60 is divided by 9?
6
What is the remainder when 80 is divided by 23?
11
Calculate the remainder when 814 is divided by 71.
33
What is the remainder when 52 is divided by 18?
16
Calculate the remainder when 136 is divided by 46.
44
Calculate the remainder when 559 is divided by 40.
39
Calculate the remainder when 352 is divided by 21.
16
What is the remainder when 5543 is divided by 615?
8
What is the remainder when 1947 is divided by 97?
7
Calculate the remainder when 5219 is divided by 45.
44
What is the remainder when 326 is divided by 321?
5
Calculate the remainder when 261 is divided by 240.
21
Calculate the remainder when 172 is divided by 47.
31
Calculate the remainder when 130 is divided by 66.
64
What is the remainder when 364 is divided by 298?
66
Calculate the remainder when 98 is divided by 20.
18
Calculate the remainder when 197 is divided by 9.
8
What is the remainder when 1030 is divided by 24?
22
What is the remainder when 739 is divided by 13?
11
What is the remainder when 11926 is divided by 55?
46
Calculate the remainder when 5821 is divided by 233.
229
What is the remainder when 170 is divided by 81?
8
What is the remainder when 15657 is divided by 29?
26
Calculate the remainder when 396 is divided by 393.
3
Calculate the remainder when 481 is divided by 68.
5
What is the remainder when 1554 is divided by 27?
15
Calculate the remainder when 217 is divided by 76.
65
What is the remainder when 215 is divided by 67?
14
Calculate the remainder when 212 is divided by 67.
11
What is the remainder when 68 is divided by 36?
32
Calculate the remainder when 684 is divided by 228.
0
What is the remainder when 2202 is divided by 76?
74
What is the remainder when 102 is divided by 51?
0
Calculate the remainder when 12557 is divided by 273.
272
Calculate the remainder when 355 is divided by 136.
83
What is the remainder when 1030 is divided by 346?
338
Calculate the remainder when 73 is divided by 15.
13
What is the remainder when 242 is divided by 120?
2
What is the remainder when 331 is divided by 106?
13
Calculate the remainder when 192 is divided by 60.
12
Calculate the remainder when 1630 is divided by 102.
100
What is the remainder when 421 is divided by 100?
21
What is the remainder when 184 is divided by 37?
36
What is the remainder when 1037 is divided by 267?
236
What is the remainder when 3341 is divided by 333?
11
What is the remainder when 220 is divided by 62?
34
Calculate the remainder when 292 is divided by 86.
34
What is the remainder when 73 is divided by 13?
8
Calculate the remainder when 557 is divided by 80.
77
What is the remainder when 389 is divided by 11?
4
What is the remainder when 217 is divided by 20?
17
What is the remainder when 104717 is divided by 308?
305
What is the remainder when 2647 is divided by 21?
1
Calculate the remainder when 466 is divided by 64.
18
What is the remainder when 67 is divided by 37?
30
What is the remainder when 735 is divided by 105?
0
What is the remainder when 47 is divided by 2?
1
Calculate the remainder when 745 is divided by 210.
115
Calculate the remainder when 214 is divided by 142.
72
What is the remainder when 499 is divided by 168?
163
What is the remainder when 1872 is divided by 73?
47
Calculate the remainder when 2363 is divided by 23.
17
What is the remainder when 515 is divided by 80?
35
Calculate the remainder when 1115 is divided by 329.
128
What is the remainder when 41 is divided by 11?
8
Calculate the remainder when 74 is divided by 12.
2
What is the remainder when 293 is divided by 8?
5
What is the remainder when 124 is divided by 55?
14
What is the remainder when 61 is divided by 26?
9
Calculate the remainder when 1244 is divided by 89.
87
Calculate the remainder when 328 is divided by 31.
18
Calculate the remainder when 9302 is divided by 4645.
12
Calculate the remainder when 85 is divided by 8.
5
Calculate the remainder when 1418 is divided by 49.
46
What is the remainder when 404 is divided by 18?
8
What is the remainder when 124 is divided by 60?
4
What is the remainder when 78 is divided by 27?
24
Calculate the remainder when 736 is divided by 226.
58
What is the remainder when 407 is divided by 60?
47
Calculate the remainder when 189 is divided by 3.
0
Calculate the remainder when 1588 is divided by 131.
16
What is the remainder when 66 is divided by 21?
3
What is the remainder when 377 is divided by 135?
107
What is the remainder when 25 is divided by 22?
3
Calculate the remainder when 709 is divided by 29.
13
Calcu